06?
363
Calculate the remainder when 11212910 is divided by 289.
288
Calculate the remainder when 806860 is divided by 2210.
210
Calculate the remainder when 253572 is divided by 9391.
15
What is the remainder when 1370585 is divided by 4115?
290
What is the remainder when 405779 is divided by 102?
23
What is the remainder when 342406159 is divided by 40?
39
Calculate the remainder when 1130679 is divided by 10006.
1
Calculate the remainder when 24445 is divided by 10190.
4065
Calculate the remainder when 5369594 is divided by 767084.
6
Calculate the remainder when 29616261 is divided by 562.
547
What is the remainder when 514028 is divided by 256993?
42
What is the remainder when 188350 is divided by 12439?
1765
Calculate the remainder when 16964603 is divided by 32.
27
Calculate the remainder when 13860717 is divided by 13629.
24
Calculate the remainder when 436459 is divided by 21822.
19
What is the remainder when 1853131 is divided by 25?
6
Calculate the remainder when 8904271 is divided by 1424.
1423
What is the remainder when 1613564 is divided by 2074?
2066
What is the remainder when 3326765 is divided by 148?
21
Calculate the remainder when 73578108 is divided by 63103.
10
What is the remainder when 72318 is divided by 3831?
3360
Calculate the remainder when 728767 is divided by 5830.
17
Calculate the remainder when 133031 is divided by 13280.
231
Calculate the remainder when 14642709 is divided by 612.
609
What is the remainder when 6320403 is divided by 1977?
1911
Calculate the remainder when 106523 is divided by 10488.
1643
Calculate the remainder when 919153 is divided by 701.
142
What is the remainder when 5307325 is divided by 29?
6
Calculate the remainder when 23388364 is divided by 57749.
19
What is the remainder when 1470460 is divided by 1011?
466
What is the remainder when 2157542 is divided by 1202?
1154
What is the remainder when 43174 is divided by 41165?
2009
What is the remainder when 231480 is divided by 676?
288
Calculate the remainder when 529958812 is divided by 17.
13
Calculate the remainder when 299753 is divided by 2754.
2321
Calculate the remainder when 2077817 is divided by 653.
624
Calculate the remainder when 7856684 is divided by 1913.
1906
Calculate the remainder when 423598 is divided by 70368.
1390
Calculate the remainder when 110268 is divided by 15019.
5135
What is the remainder when 590419 is divided by 84339?
46
Calculate the remainder when 40907 is divided by 966.
335
Calculate the remainder when 12907082 is divided by 645348.
122
Calculate the remainder when 552315 is divided by 1885.
10
What is the remainder when 607946126 is divided by 4026?
4022
What is the remainder when 843045 is divided by 12281?
7937
What is the remainder when 36284499 is divided by 2962?
2961
Calculate the remainder when 13998844 is divided by 466628.
4
What is the remainder when 77550 is divided by 686?
32
Calculate the remainder when 209549 is divided by 254.
253
Calculate the remainder when 8314827 is divided by 23962.
13
What is the remainder when 84317180 is divided by 1152?
1148
What is the remainder when 982353 is divided by 109129?
192
Calculate the remainder when 66968 is divided by 22122.
602
What is the remainder when 15442364 is divided by 396?
344
Calculate the remainder when 16377886 is divided by 2648.
6
Calculate the remainder when 110194931 is divided by 1587.
1586
What is the remainder when 2367679 is divided by 1960?
1959
Calculate the remainder when 161039 is divided by 158365.
2674
What is the remainder when 9977 is divided by 495?
77
What is the remainder when 6599500 is divided by 3299736?
28
Calculate the remainder when 186928 is divided by 383.
24
Calculate the remainder when 1408617 is divided by 431.
109
What is the remainder when 121263 is divided by 349?
160
Calculate the remainder when 2118857 is divided by 2118820.
37
What is the remainder when 663061 is divided by 3332?
3325
Calculate the remainder when 34145278 is divided by 1140.
1138
What is the remainder when 2216 is divided by 266?
88
Calculate the remainder when 65208741 is divided by 7.
3
Calculate the remainder when 15522038 is divided by 699.
44
Calculate the remainder when 18194086 is divided by 8764.
22
Calculate the remainder when 1781671 is divided by 225.
121
Calculate the remainder when 17467264 is divided by 52.
48
What is the remainder when 1868648 is divided by 81?
59
What is the remainder when 815197 is divided by 11984?
285
What is the remainder when 1356670 is divided by 75370?
10
What is the remainder when 830043 is divided by 1137?
33
What is the remainder when 122824 is divided by 30413?
1172
What is the remainder when 569294 is divided by 100?
94
Calculate the remainder when 13198817 is divided by 94.
89
What is the remainder when 2235256 is divided by 33359?
203
What is the remainder when 4585572 is divided by 7?
5
What is the remainder when 99949 is divided by 16649?
55
What is the remainder when 63691182 is divided by 13?
9
Calculate the remainder when 1318690 is divided by 4455.
10
Calculate the remainder when 48122338 is divided by 210.
208
What is the remainder when 2029096 is divided by 540?
316
What is the remainder when 8150723 is divided by 8616?
8603
Calculate the remainder when 34195 is divided by 1838.
1111
What is the remainder when 1995812 is divided by 3377?
5
Calculate the remainder when 7903 is divided by 3833.
237
Calculate the remainder when 16305945 is divided by 177.
174
Calculate the remainder when 5379984 is divided by 1870.
1864
What is the remainder when 480783 is divided by 79831?
1797
Calculate the remainder when 390718 is divided by 15009.
484
Calculate the remainder when 49964770 is divided by 78.
76
Calculate the remainder when 9124217 is divided by 8972.
8665
Calculate the remainder when 25439 is divided by 25323.
116
What is the remainder when 2563765 is divided by 270?
115
Calculate the remainder when 212378 is divided by 1496.
1442
Calculate the remainder when 18533246 is divided by 16.
14
What is the remainder when 49241502 is divided by 16413831?
9
What is the remainder when 41124497 is divided by 331649?
21
What is the remainder when 9925 is divided by 9281?
644
Calculate the remainder when 2869436 is divided by 4606.
4504
What is the remainder when 408147043 is divided by 58?
57
What is the remainder when 2148245 is divided by 3843?
8
What is the remainder when 19340112 is divided by 46?
10
What is the remainder when 812788 is divided by 406253?
282
Calculate the remainder when 14965271 is divided by 3864.
3863
Calculate the remainder when 25342204 is divided by 262.
254
Calculate the remainder when 12036 is divided by 11994.
42
Calculate the remainder when 553432564 is divided by 2773.
2770
What is the remainder when 16512789 is divided by 188?
185
Calculate the remainder when 16560147 is divided by 25.
22
Calculate the remainder when 110773878 is divided by 357.
348
Calculate the remainder when 95383189 is divided by 323.
320
What is the remainder when 65559 is divided by 6860?
3819
What is the remainder when 5743051 is divided by 2871406?
239
Calculate the remainder when 515544 is divided by 257667.
210
Calculate the remainder when 879220 is divided by 219803.
8
What is the remainder when 8901 is divided by 1484?
1481
Calculate the remainder when 572385 is divided by 22894.
35
What is the remainder when 6469018 is divided by 327?
304
Calculate the remainder when 116753866 is divided by 601824.
10
Calculate the remainder when 3637921 is divided by 63823.
10
What is the remainder when 391080 is divided by 35518?
382
Calculate the remainder when 193049 is divided by 3064.
17
Calculate the remainder when 165018877 is divided by 51795.
7
What is the remainder when 56417740 is divided by 16?
12
Calculate the remainder when 99553598 is divided by 688.
686
What is the remainder when 44868 is divided by 1016?
164
What is the remainder when 258618 is divided by 43102?
6
Calculate the remainder when 3227575 is divided by 65.
0
Calculate the remainder when 393321 is divided by 11235.
96
What is the remainder when 403715 is divided by 12001?
7682
Calculate the remainder when 7053229 is divided by 1957.
201
Calculate the remainder when 1691529 is divided by 157.
11
What is the remainder